ultiple of 3?
True
Is 14 a factor of 369?
False
Is 52180 a multiple of 90?
False
Is 13 a factor of 27677?
True
Is 16 a factor of 8381?
False
Does 6 divide 163?
False
Does 16 divide 3662?
False
Is 23 a factor of 563?
False
Is 17483 a multiple of 59?
False
Does 12 divide 25666?
False
Is 3674 a multiple of 45?
False
Does 40 divide 1120?
True
Is 11362 a multiple of 13?
True
Does 32 divide 15047?
False
Is 17 a factor of 14569?
True
Is 165 a multiple of 11?
True
Is 4 a factor of 284?
True
Does 31 divide 682?
True
Is 271 a multiple of 3?
False
Is 4 a factor of 6060?
True
Is 15 a factor of 420?
True
Is 249 a factor of 103833?
True
Does 6 divide 198?
True
Is 96 a factor of 993?
False
Is 14 a factor of 3206?
True
Does 20 divide 2880?
True
Is 40 a factor of 1080?
True
Is 418 a multiple of 11?
True
Is 18 a factor of 1254?
False
Does 16 divide 10672?
True
Does 110 divide 6490?
True
Is 56 a factor of 784?
True
Is 20895 a multiple of 105?
True
Does 21 divide 644?
False
Is 9864 a multiple of 274?
True
Does 16 divide 192?
True
Is 26 a factor of 1437?
False
Is 71760 a multiple of 13?
True
Is 5 a factor of 3258?
False
Is 1875 a multiple of 25?
True
Is 15 a multiple of 2?
False
Does 3 divide 7?
False
Is 861 a multiple of 43?
False
Does 6 divide 121?
False
Is 12 a factor of 12456?
True
Is 97 a factor of 24347?
True
Does 66 divide 6335?
False
Is 8 a factor of 400?
True
Is 1365 a multiple of 8?
False
Is 33 a factor of 264?
True
Does 15 divide 465?
True
Is 15932 a multiple of 14?
True
Is 73 a factor of 33799?
True
Does 69 divide 47051?
False
Does 16 divide 368?
True
Is 54750 a multiple of 275?
False
Is 51 a factor of 4335?
True
Is 800 a multiple of 5?
True
Is 30769 a multiple of 14?
False
Does 4 divide 304?
True
Is 10919 a multiple of 58?
False
Is 92766 a multiple of 13?
False
Does 8 divide 6749?
False
Is 304 a multiple of 4?
True
Is 16 a factor of 1168?
True
Is 2149 a multiple of 7?
True
Does 29 divide 3803?
False
Does 111 divide 46872?
False
Is 2623 a multiple of 7?
False
Is 80 a factor of 3648?
False
Does 5 divide 3053?
False
Does 110 divide 5500?
True
Is 14328 a multiple of 12?
True
Is 608 a multiple of 9?
False
Is 51298 a multiple of 56?
False
Does 11 divide 77?
True
Is 4684 even?
True
Is 12 a factor of 494?
False
Does 61 divide 1891?
True
Is 14 a factor of 26894?
True
Is 23502 a multiple of 224?
False
Is 2006 a multiple of 17?
True
Does 7 divide 2142?
True
Is 2 a factor of 11198?
True
Is 59 a factor of 734?
False
Is 9 a factor of 279?
True
Does 95 divide 1615?
True
Does 49 divide 2278?
False
Is 105 a multiple of 5?
True
Is 24 a factor of 5760?
True
Is 21 a factor of 19068?
True
Is 54 a factor of 1423?
False
Does 51 divide 970?
False
Is 2010 a multiple of 9?
False
Is 3277 a multiple of 7?
False
Does 137 divide 13666?
False
Is 184 a multiple of 8?
True
Does 11 divide 2895?
False
Is 1397 a multiple of 25?
False
Does 11 divide 1015?
False
Does 5 divide 115?
True
Is 6 a factor of 2978?
False
Is 6360 a multiple of 44?
False
Does 19 divide 21439?
False
Does 20 divide 4020?
True
Does 4 divide 1887?
False
Does 16 divide 314?
False
Is 202 a factor of 68959?
False
Is 1750 a multiple of 50?
True
Does 7 divide 22442?
True
Is 43 a factor of 2413?
False
Is 314 a multiple of 2?
True
Is 626 a multiple of 24?
False
Is 88 a factor of 1865?
False
Is 786 a multiple of 9?
False
Is 24 a factor of 112774?
False
Is 18525 a multiple of 28?
False
Is 8418 a multiple of 69?
True
Is 37 a factor of 2442?
True
Does 13 divide 2392?
True
Is 24 a factor of 1272?
True
Does 50 divide 8583?
False
Is 13 a factor of 668?
False
Does 44 divide 3132?
False
Is 11 a factor of 19921?
True
Does 20 divide 2992?
False
Is 39 a factor of 771?
False
Is 66 a factor of 211?
False
Does 135 divide 34425?
True
Does 233 divide 11650?
True
Is 6182 a multiple of 11?
True
Is 44 a factor of 220?
True
Is 12 a factor of 45996?
True
Is 1755 a multiple of 15?
True
Is 3486 a multiple of 21?
True
Does 147 divide 21423?
False
Is 104 a factor of 43234?
False
Is 6522 a multiple of 18?
False
Is 32 a factor of 75310?
False
Does 27 divide 19602?
True
Is 145 a multiple of 3?
False
Does 26 divide 574?
False
Does 15 divide 3036?
False
Is 27 a factor of 702?
True
Does 9 divide 730?
False
Does 15 divide 699?
False
Is 129 a multiple of 6?
False
Is 122 a factor of 3170?
False
Is 273 a multiple of 46?
False
Is 89 a factor of 3406?
False
Is 338 a multiple of 10?
False
Does 2 divide 7?
False
Does 49 divide 41307?
True
Does 12 divide 840?
True
Does 59 divide 590?
True
Is 7218 a multiple of 74?
False
Is 23688 a multiple of 14?
True
Does 23 divide 11416?
False
Is 21 a factor of 1368?
False
Does 18 divide 216?
True
Is 8 a factor of 1847?
False
Does 13 divide 1915?
False
Is 31 a factor of 806?
True
Is 6650 a multiple of 142?
False
Is 5 a factor of 28973?
False
Is 44 a factor of 6160?
True
Does 3 divide 6113?
False
Is 218 a multiple of 15?
False
Does 64 divide 17728?
True
Does 13 divide 865?
False
Is 33 a factor of 1675?
False
Does 36 divide 1475?
False
Is 27 a factor of 494?
False
Does 31 divide 290?
False
Is 11 a factor of 38284?
False
Is 14 a factor of 20615?
False
Is 4388 a multiple of 31?
False
Is 10 a factor of 4407?
False
Is 2 a factor of 12170?
True
Is 49096 a multiple of 17?
True
Is 84 a factor of 6636?
True
Is 29504 a multiple of 21?
False
Is 188 a factor of 108061?
False
Is 40 a factor of 45616?
False
Is 13 a factor of 189?
False
Does 109 divide 25876?
False
Is 14 a factor of 2240?
True
Is 3 a factor of 3785?
False
Is 14 a factor of 7694?
False
Is 1056 a multiple of 12?
True
Is 27 a factor of 729?
True
Is 10 a factor of 570?
True
Is 114 a factor of 3107?
False
Does 6 divide 631?
False
Is 22791 a multiple of 107?
True
Is 15 a factor of 746?
False
Is 2463 a multiple of 78?
False
Does 20 divide 10600?
True
Does 52 divide 36190?
False
Is 113 a factor of 19549?
True
Does 40 divide 679?
False
Is 8864 a multiple of 12?
False
Does 14 divide 514?
False
Is 68 a factor of 1496?
True
Does 349 divide 8376?
True
Is 45 a factor of 855?
True
Does 11 divide 735?
False
Is 71 a factor of 7100?
True
Is 18745 a multiple of 38?
False
Is 159 a factor of 13356?
True
Is 660 a multiple of 12?
True
Is 494 a multiple of 19?
True
Does 54 divide 32869?
False
Is 25 a factor of 75?
True
Is 13 a factor of 4979?
True
Is 6138 a multiple of 5?
False
Does 2 divide 964?
True
Is 8081 a multiple of 4?
False
Is 8 a factor of 2856?
True
Does 15 divide 5220?
True
Is 9478 a multiple of 12?
False
Is 60 a factor of 21786?
False
Is 13 a factor of 1208?
False
Is 223 a multiple of 21?
False
Does 11 divide 132?
True
Is 816 a multiple of 16?
True
Is 6 a factor of 1434?
True
Is 8 a factor of 648?
True
Does 21 divide 315?
True
Is 333 even?
False
Does 35 divide 245?
True
Is 93 a factor of 2760?
False
Is 1835 a multiple of 2?
False
Does 15 divide 1005?
True
Does 69 divide 1848?
False
Does 74 divide 25154?
False
Is 12 a factor of 5304?
True
Is 8091 a multiple of 31?
True
Is 3 a factor of 189?
True
Is 42 a multiple of 21?
True
Is 874 a multiple of 38?
True
Is 1008 a multiple of 21?
True
Is 54 a factor of 134604?
False
Is 2 a factor of 7011?
False
Is 7 a factor of 5192?
False
Is 38 a factor of 5358?
True
Does 7 divide 2765?
True
Is 322 a multiple of 34?
False
Does 74 divide 17431?
False
Does 189 divide 19278?
True
Does 7 divide 5437?
False
Is 17 a factor of 24367?
False
Is 29 a factor of 319?
True
Does 89 divide 5579?
False
Does 46 divide 13490?
False
Does 24 divide 96?
True
Is 18 a factor of 1899?
False
Is 57 a factor of 1539?
True
Is 9 a factor of 596?
False
Is 5 a factor of 302?
False
Does 21 divide 2373?
True
Is 105021 a multiple of 21?
True
Is 1440 a multiple of 30?
True
Is 10 a factor of 15934?
False
Is 81774 a multiple of 14?
True
Is 45 a factor of 589?
False
Is 65 a multiple of 5?
True
Does 125 divide 3000?
True
Is 4 a factor of 8988?
True
Does 72 divide 8352?
True
Is 19 a factor of 37696?
True
Is 12827 a multiple of 27?
False
Is 101 a factor of 28280?
True
Does 70 divide 9899?
False
Is 630 a multiple of 37?
False
Does 59 divide 17002?
False
Is 78871 a multiple of 24?
False
Does 66 divide 72600?
True
Is 6229 a multiple of 333?
False
Is 3930 a multiple of 68?
False
Does 23 divide 4514?
False
Is 343 a multiple of 16?
False
Is 6767 a multiple of 67?
True
Is 52 a factor of 35931?
False
